wähle einen Jahres- oder Monatsreport
Report for 2022 Dezember
Monthly Climatological Summary for Dez 2022
Name: hokodata City: Langelsheim OT Wolfshagen Locator JO51dv State: Deutschland
Elevation: 310 m Lat: N 51° 54' 04" Lon: E 010° 19' 29"
Temperature (°C), Rain (mm), Wind Speed (km/h)
Heat Cool Avg
Mean Deg Deg Wind Dom
Day Temp High Time Low Time Days Days Rain Speed High Time Dir
----------------------------------------------------------------------------------
01 0,8 2,8 00:00 -0,3 23:53 9,4 0,0 0,1 3,4 18,0 20:14 ENE
02 -1,0 -0,2 00:05 -1,9 23:49 11,2 0,0 0,0 7,5 44,0 15:54 ENE
03 -2,5 -1,9 00:00 -3,0 09:43 12,7 0,0 0,0 5,7 26,0 00:26 E
04 -1,2 -0,4 23:24 -2,5 00:09 11,4 0,0 0,0 6,1 22,0 11:11 ENE
05 0,2 0,7 12:10 -0,4 00:00 10,0 0,0 13,0 1,7 20,0 20:31 WNW
06 0,6 1,1 13:26 0,1 06:33 9,6 0,0 8,7 3,4 20,0 23:24 W
07 1,4 1,9 11:03 0,9 00:00 8,8 0,0 8,4 6,8 31,0 03:43 W
08 1,0 1,6 13:16 -0,5 23:58 9,2 0,0 10,3 4,3 35,0 06:43 WSW
09 -1,2 0,4 13:25 -3,4 09:13 11,4 0,0 0,1 1,1 9,0 23:36 SE
10 -2,0 -0,9 00:07 -2,9 17:34 12,2 0,0 0,0 1,9 11,0 11:34 NE
11 -4,0 -2,3 12:55 -7,4 23:46 14,2 0,0 0,0 1,0 13,0 14:17 ESE
12 -7,0 -3,1 13:33 -9,0 23:44 17,2 0,0 0,0 1,1 7,0 05:21 SSE
13 -8,0 -4,0 13:19 -9,6 04:06 18,2 0,0 0,0 1,0 5,0 00:13 S
14 -7,1 -3,8 11:59 -9,1 21:19 17,3 0,0 0,0 1,2 13,0 22:18 S
15 -4,9 -1,0 12:46 -7,5 23:38 15,1 0,0 0,0 2,2 28,0 01:27 SW
16 -5,3 -1,6 14:41 -8,1 08:38 15,5 0,0 0,0 0,5 7,0 15:01 S
17 -5,2 -1,1 13:00 -7,7 22:11 15,4 0,0 0,0 1,6 13,0 12:27 S
18 -4,4 3,4 23:43 -8,5 06:22 14,6 0,0 0,0 3,2 42,0 22:37 SSW
19 4,7 7,2 23:31 2,4 02:38 5,5 0,0 2,6 11,0 55,0 14:16 SW
20 8,6 10,3 13:41 7,1 00:08 1,6 0,0 1,3 8,8 53,0 04:01 SSW
21 7,6 8,9 12:56 5,9 20:50 2,6 0,0 5,0 5,2 37,0 03:46 SW
22 7,5 8,9 10:59 5,5 18:50 2,7 0,0 12,3 6,2 37,0 01:12 WSW
23 7,6 8,5 22:39 6,4 19:49 2,6 0,0 21,7 5,4 39,0 22:54 WSW
----------------------------------------------------------------------------------
-0,6 10,3 20 -9,6 13 248,4 0,0 83,5 3,9 55,0 19 SSW
Max >= 27,0 0
Max <= 0,0 11
Min <= 0,0 16
Min <= -18,0 0
Max Rain: 21,7 on day 23
Days of Rain: 9 (>= 0,2 mm) 8 (>= 2,0 mm) 1 (>= 20,0 mm)
Heat Base: 10,2 Cool Base: 10,2 Method: Integration